y 125.
24
What is the remainder when 139184 is divided by 15?
14
What is the remainder when 520965 is divided by 1329?
1326
What is the remainder when 160272 is divided by 20?
12
What is the remainder when 1744930 is divided by 14?
12
What is the remainder when 5015916 is divided by 17?
15
What is the remainder when 39372 is divided by 148?
4
What is the remainder when 2593 is divided by 23?
17
Calculate the remainder when 47882 is divided by 39.
29
Calculate the remainder when 873 is divided by 221.
210
What is the remainder when 87027 is divided by 92?
87
Calculate the remainder when 942 is divided by 98.
60
What is the remainder when 83935 is divided by 344?
343
Calculate the remainder when 32911 is divided by 207.
205
Calculate the remainder when 5116 is divided by 143.
111
Calculate the remainder when 5374 is divided by 151.
89
What is the remainder when 170457 is divided by 141?
129
What is the remainder when 3328 is divided by 1056?
160
What is the remainder when 23601 is divided by 2933?
137
Calculate the remainder when 130289 is divided by 7.
5
Calculate the remainder when 81594 is divided by 414.
36
What is the remainder when 599071 is divided by 149758?
39
What is the remainder when 221979 is divided by 110988?
3
Calculate the remainder when 25942 is divided by 3241.
14
Calculate the remainder when 70459 is divided by 427.
4
What is the remainder when 11132 is divided by 293?
291
What is the remainder when 1270876 is divided by 55?
46
Calculate the remainder when 8060 is divided by 69.
56
Calculate the remainder when 20467 is divided by 2263.
100
What is the remainder when 2323 is divided by 2305?
18
What is the remainder when 3499 is divided by 728?
587
What is the remainder when 109608 is divided by 13700?
8
What is the remainder when 5239 is divided by 477?
469
Calculate the remainder when 41245 is divided by 764.
753
What is the remainder when 578 is divided by 240?
98
What is the remainder when 822136 is divided by 27?
13
What is the remainder when 70608 is divided by 31?
21
What is the remainder when 298226 is divided by 5?
1
Calculate the remainder when 1264 is divided by 251.
9
Calculate the remainder when 24272 is divided by 24091.
181
Calculate the remainder when 1740899 is divided by 870445.
9
Calculate the remainder when 21859 is divided by 465.
4
Calculate the remainder when 759 is divided by 314.
131
What is the remainder when 1415 is divided by 189?
92
Calculate the remainder when 29464 is divided by 517.
512
What is the remainder when 512195 is divided by 230?
215
What is the remainder when 360741 is divided by 1346?
13
What is the remainder when 176776 is divided by 483?
481
Calculate the remainder when 3182 is divided by 146.
116
What is the remainder when 9406 is divided by 430?
376
What is the remainder when 11486 is divided by 23?
9
Calculate the remainder when 1891214 is divided by 1156.
1154
What is the remainder when 2855 is divided by 688?
103
What is the remainder when 72224 is divided by 77?
75
What is the remainder when 29899 is divided by 52?
51
Calculate the remainder when 459833 is divided by 229915.
3
Calculate the remainder when 55789 is divided by 169.
19
What is the remainder when 217278 is divided by 10863?
18
What is the remainder when 53367 is divided by 10?
7
Calculate the remainder when 865355 is divided by 150.
5
What is the remainder when 430566 is divided by 212?
206
What is the remainder when 51508 is divided by 223?
218
What is the remainder when 267904 is divided by 21?
7
Calculate the remainder when 24183 is divided by 4028.
15
Calculate the remainder when 15735 is divided by 43.
40
What is the remainder when 34480 is divided by 17226?
28
What is the remainder when 3645 is divided by 327?
48
Calculate the remainder when 457541 is divided by 228748.
45
Calculate the remainder when 130492 is divided by 212.
112
Calculate the remainder when 1491 is divided by 376.
363
What is the remainder when 2265100 is divided by 68639?
13
Calculate the remainder when 12620 is divided by 78.
62
Calculate the remainder when 28382 is divided by 5655.
107
Calculate the remainder when 163815 is divided by 468.
15
What is the remainder when 12401 is divided by 4132?
5
Calculate the remainder when 3705 is divided by 124.
109
What is the remainder when 67710 is divided by 736?
734
What is the remainder when 88535 is divided by 28?
27
Calculate the remainder when 795 is divided by 137.
110
What is the remainder when 1319 is divided by 383?
170
What is the remainder when 20455 is divided by 12?
7
Calculate the remainder when 15152 is divided by 996.
212
What is the remainder when 5795 is divided by 40?
35
What is the remainder when 60661 is divided by 450?
361
What is the remainder when 17743 is divided by 3?
1
What is the remainder when 410 is divided by 74?
40
Calculate the remainder when 83486 is divided by 32.
30
What is the remainder when 724341 is divided by 39?
33
Calculate the remainder when 43160 is divided by 664.
0
What is the remainder when 29743 is divided by 31?
14
Calculate the remainder when 7852 is divided by 213.
184
What is the remainder when 3615 is divided by 129?
3
Calculate the remainder when 92599 is divided by 10.
9
What is the remainder when 4668 is divided by 535?
388
Calculate the remainder when 17921 is divided by 8799.
323
What is the remainder when 14847 is divided by 38?
27
Calculate the remainder when 7713 is divided by 124.
25
What is the remainder when 3010 is divided by 101?
81
Calculate the remainder when 10268 is divided by 726.
104
What is the remainder when 20318 is divided by 36?
14
What is the remainder when 16317 is divided by 41?
40
Calculate the remainder when 732199 is divided by 280.
279
Calculate the remainder when 34203 is divided by 682.
103
What is the remainder when 358174 is divided by 243?
235
Calculate the remainder when 8364 is divided by 161.
153
Calculate the remainder when 132899 is divided by 22146.
23
Calculate the remainder when 8174 is divided by 20.
14
Calculate the remainder when 4471 is divided by 4453.
18
What is the remainder when 86382 is divided by 2?
0
Calculate the remainder when 146812 is divided by 18.
4
What is the remainder when 4518 is divided by 1461?
135
Calculate the remainder when 274 is divided by 263.
11
What is the remainder when 9535 is divided by 64?
63
What is the remainder when 24132 is divided by 64?
4
What is the remainder when 2448 is divided by 479?
53
What is the remainder when 2162 is divided by 537?
14
Calculate the remainder when 159667 is divided by 70.
67
Calculate the remainder when 10050 is divided by 25.
0
What is the remainder when 3876 is divided by 703?
361
Calculate the remainder when 2199 is divided by 2177.
22
What is the remainder when 22352 is divided by 162?
158
Calculate the remainder when 353414 is divided by 15.
14
What is the remainder when 3391 is divided by 39?
37
What is the remainder when 1300472 is divided by 133?
131
Calculate the remainder when 5382 is divided by 316.
10
Calculate the remainder when 28720 is divided by 2392.
16
Calculate the remainder when 332583 is divided by 56.
55
Calculate the remainder when 321345 is divided by 61.
58
What is the remainder when 195309 is divided by 202?
177
Calculate the remainder when 122299 is divided by 61121.
57
Calculate the remainder when 16829 is divided by 205.
19
Calculate the remainder when 1174 is divided by 1148.
26
What is the remainder when 136651 is divided by 86?
83
Calculate the remainder when 4216 is divided by 1230.
526
Calculate the remainder when 12625 is divided by 33.
19
What is the remainder when 611 is divided by 150?
11
What is the remainder when 155899 is divided by 116?
111
Calculate the remainder when 6070 is divided by 1629.
1183
Calculate the remainder when 516 is divided by 69.
33
Calculate the remainder when 8092 is divided by 405.
397
What is the remainder when 164597 is divided by 83?
8
What is the remainder when 9875 is divided by 161?
54
Calculate the remainder when 37796 is divided by 108.
104
Calculate the remainder when 67720 is divided by 5209.
3
What is the remainder when 11583 is divided by 165?
33
Calculate the remainder when 46986 is divided by 15658.
12
Calculate the remainder when 85336 is divided by 33.